{"id":7746,"date":"2024-02-05T15:24:56","date_gmt":"2024-02-05T14:24:56","guid":{"rendered":"https:\/\/www.institut-foton.eu\/?page_id=7746"},"modified":"2024-02-22T08:44:32","modified_gmt":"2024-02-22T07:44:32","slug":"photonique-hyperfrequence-et-thz-%e2%88%92-communications-optiques","status":"publish","type":"page","link":"https:\/\/www.institut-foton.eu\/en\/recherche\/axes-de-recherche\/photonique-hyperfrequence-et-thz-%e2%88%92-communications-optiques\/","title":{"rendered":"Photonique hyperfr\u00e9quence et THz \u2212 Communications optiques"},"content":{"rendered":"\n\n\n\n<figure style=\"aspect-ratio:16\/9;width:50%;\" class=\"aligncenter wp-block-post-featured-image\"><img loading=\"lazy\" decoding=\"async\" width=\"1016\" height=\"458\" src=\"https:\/\/www.institut-foton.eu\/wp-content\/uploads\/2024\/01\/IMG_20240124_094128.jpg\" class=\"attachment-post-thumbnail size-post-thumbnail wp-post-image\" alt=\"\" style=\"width:100%;height:100%;object-fit:cover;\" srcset=\"https:\/\/www.institut-foton.eu\/wp-content\/uploads\/2024\/01\/IMG_20240124_094128.jpg 1016w, https:\/\/www.institut-foton.eu\/wp-content\/uploads\/2024\/01\/IMG_20240124_094128-300x135.jpg 300w, https:\/\/www.institut-foton.eu\/wp-content\/uploads\/2024\/01\/IMG_20240124_094128-768x346.jpg 768w\" sizes=\"auto, (max-width: 1016px) 100vw, 1016px\" \/><\/figure>\n\n\n<div class=\"wp-block-columns is-layout-flex wp-container-core-columns-is-layout-28f84493 wp-block-columns-is-layout-flex\">\n<div class=\"wp-block-column is-layout-flow wp-block-column-is-layout-flow\">\n<h2 class=\"wp-block-heading\">Sources opto-hyper<\/h2>\n\n\n\n<div class=\"wp-block-query is-layout-flow wp-block-query-is-layout-flow\"><ul class=\"keys wp-block-post-template is-layout-flow wp-block-post-template-is-layout-flow\"><li class=\"wp-block-post post-8770 post type-post status-publish format-standard hentry category-activites tag-departement-ohm tag-sources-opto-hyper\">\n<h6 class=\"keys wp-block-post-title\"><a href=\"https:\/\/www.institut-foton.eu\/en\/vcsel-et-vecsel-pour-la-convergence-electro-optique\/\" target=\"_self\" >VCSEL et VECSEL pour la convergence \u00e9lectro-optique<\/a><\/h6>\n\n\n<\/li><li class=\"wp-block-post post-7276 post type-post status-publish format-standard has-post-thumbnail hentry category-activites tag-axe1 tag-departement-dop tag-dynamique-lasers tag-axe2 tag-sources-opto-hyper\">\n<h6 class=\"keys wp-block-post-title\"><a href=\"https:\/\/www.institut-foton.eu\/en\/sources-lasers-a-faible-bruit-dintensite\/\" target=\"_self\" >Sources lasers \u00e0 faible bruit d\u2019intensit\u00e9<\/a><\/h6>\n\n<p>laser VECSEL de classe A, buffer reservoir<\/p>\n\n<\/li><li class=\"wp-block-post post-7237 post type-post status-publish format-standard has-post-thumbnail hentry category-activites tag-axe1 tag-departement-dop tag-dynamique-lasers tag-axe2 tag-sources-opto-hyper\">\n<h6 class=\"keys wp-block-post-title\"><a href=\"https:\/\/www.institut-foton.eu\/en\/dynamique-vectorielle-des-lasers\/\" target=\"_self\" >Dynamique vectorielle des lasers<\/a><\/h6>\n\n<p>lasers \u00e0 spin, peignes de fr\u00e9quences bi-polarisation, lasers bi-fr\u00e9quences<\/p>\n\n<\/li><li class=\"wp-block-post post-6962 post type-post status-publish format-standard has-post-thumbnail hentry category-activites tag-axe1 tag-departement-dop tag-dynamique-lasers tag-axe2 tag-sources-opto-hyper\">\n<h6 class=\"keys wp-block-post-title\"><a href=\"https:\/\/www.institut-foton.eu\/en\/reinjection-optique-dans-les-lasers\/\" target=\"_self\" >R\u00e9injection optique dans les lasers<\/a><\/h6>\n\n<p>battements RF sur porteuse optique, dynamique des lasers bi-fr\u00e9quences<\/p>\n\n<\/li><\/ul><\/div>\n<\/div>\n\n\n\n<div class=\"wp-block-column is-layout-flow wp-block-column-is-layout-flow\">\n<h2 class=\"wp-block-heading\">G\u00e9n\u00e9ration, mise en forme et traitement du signal<\/h2>\n\n\n\n<div class=\"wp-block-query is-layout-flow wp-block-query-is-layout-flow\"><ul class=\"keys wp-block-post-template is-layout-flow wp-block-post-template-is-layout-flow\"><li class=\"wp-block-post post-8773 post type-post status-publish format-standard hentry category-activites tag-generation-mise-en-forme-et-traitement-du-signal tag-departement-ohm\">\n<h6 class=\"keys wp-block-post-title\"><a href=\"https:\/\/www.institut-foton.eu\/en\/composants-iii-v-si-pour-la-photonique-non-lineaire\/\" target=\"_self\" >Composants III-V\/Si pour la photonique non-lin\u00e9aire<\/a><\/h6>\n\n<p>conversion de fr\u00e9quence, peignes de fr\u00e9quence<\/p>\n\n<\/li><li class=\"wp-block-post post-8091 post type-post status-publish format-standard has-post-thumbnail hentry category-activites tag-generation-mise-en-forme-et-traitement-du-signal tag-opto-hyper-terahertz tag-axe2\">\n<h6 class=\"keys wp-block-post-title\"><a href=\"https:\/\/www.institut-foton.eu\/en\/circuits-photoniques-integres\/\" target=\"_self\" >Circuits photoniques int\u00e9gr\u00e9s<\/a><\/h6>\n\n<p>lasers bi-fr\u00e9quences, micropeignes, boucles \u00e0 d\u00e9calage<\/p>\n\n<\/li><li class=\"wp-block-post post-4769 post type-post status-publish format-standard has-post-thumbnail hentry category-activites tag-generation-mise-en-forme-et-traitement-du-signal tag-departement-dop tag-opto-hyper-terahertz tag-axe2\">\n<h6 class=\"keys wp-block-post-title\"><a href=\"https:\/\/www.institut-foton.eu\/en\/synthese-de-frequences-rf-et-thz\/\" target=\"_self\" >Synthesis of RF and THz signals<\/a><\/h6>\n\n<p>battements de lasers bi-fr\u00e9quences, synth\u00e9tiseur THz<\/p>\n\n<\/li><li class=\"wp-block-post post-4494 post type-post status-publish format-standard has-post-thumbnail hentry category-activites tag-generation-mise-en-forme-et-traitement-du-signal tag-departement-dop tag-opto-hyper-terahertz tag-axe2\">\n<h6 class=\"keys wp-block-post-title\"><a href=\"https:\/\/www.institut-foton.eu\/en\/boucles-decalage-frequence\/\" target=\"_self\" >Frequency shifting loops<\/a><\/h6>\n\n<p>boucles acousto-optiques, \u00e9lectro-optiques, analyse spectrale et corr\u00e9lation de signaux RF<\/p>\n\n<\/li><\/ul><\/div>\n<\/div>\n\n\n\n<div class=\"wp-block-column is-layout-flow wp-block-column-is-layout-flow\">\n<h2 class=\"wp-block-heading\">Communications<\/h2>\n\n\n\n<div class=\"wp-block-query is-layout-flow wp-block-query-is-layout-flow\"><ul class=\"keys wp-block-post-template is-layout-flow wp-block-post-template-is-layout-flow\"><li class=\"wp-block-post post-9210 post type-post status-publish format-standard has-post-thumbnail hentry category-activites tag-communications tag-departement-sp tag-axe2 tag-lasers-applications-communications-optiques\">\n<h6 class=\"keys wp-block-post-title\"><a href=\"https:\/\/www.institut-foton.eu\/en\/communications-optiques\/\" target=\"_self\" >Communications Optiques<\/a><\/h6>\n\n\n<\/li><li class=\"wp-block-post post-9150 post type-post status-publish format-standard has-post-thumbnail hentry category-activites tag-capteurs-et-applications tag-communications tag-departement-sp tag-optique-guidee-capteurs\">\n<h6 class=\"keys wp-block-post-title\"><a href=\"https:\/\/www.institut-foton.eu\/en\/solution-de-couplage-et-de-connectique\/\" target=\"_self\" >Couplage et connectique en optique guid\u00e9e<\/a><\/h6>\n\n<p>couplage optique, faisceaux gaussiens, connectique, microlentilles, analyse de mode<\/p>\n\n<\/li><li class=\"wp-block-post post-8782 post type-post status-publish format-standard hentry category-activites tag-communications tag-departement-ohm\">\n<h6 class=\"keys wp-block-post-title\"><a href=\"https:\/\/www.institut-foton.eu\/en\/nanostructures-et-heterostructures-iii-v-si\/\" target=\"_self\" >Nanostructures et H\u00e9t\u00e9rostructures III-V\/Si<\/a><\/h6>\n\n\n<\/li><li class=\"wp-block-post post-8780 post type-post status-publish format-standard hentry category-activites tag-communications tag-departement-ohm\">\n<h6 class=\"keys wp-block-post-title\"><a href=\"https:\/\/www.institut-foton.eu\/en\/nanostructures-et-heterostructures-de-la-filiere-inp\/\" target=\"_self\" >Nanostructures et H\u00e9t\u00e9rostructures de la fili\u00e8re InP<\/a><\/h6>\n\n\n<\/li><li class=\"wp-block-post post-8778 post type-post status-publish format-standard hentry category-activites tag-communications tag-departement-ohm\">\n<h6 class=\"keys wp-block-post-title\"><a href=\"https:\/\/www.institut-foton.eu\/en\/passivation-et-traitement-optique-de-dispositifs-photoniques\/\" target=\"_self\" >Passivation et traitement optique de dispositifs photoniques<\/a><\/h6>\n\n\n<\/li><li class=\"wp-block-post post-8775 post type-post status-publish format-standard hentry category-activites tag-communications tag-departement-ohm\">\n<h6 class=\"keys wp-block-post-title\"><a href=\"https:\/\/www.institut-foton.eu\/en\/emetteurs-quantiques-a-base-de-perovskites\/\" target=\"_self\" >\u00c9metteurs quantiques \u00e0 base de P\u00e9rovskites<\/a><\/h6>\n\n\n<\/li><\/ul><\/div>\n<\/div>\n<\/div>\n","protected":false},"excerpt":{"rendered":"<p>Sources opto-hyper G\u00e9n\u00e9ration, mise en forme et traitement du signal Communications<\/p>\n","protected":false},"author":3,"featured_media":6952,"parent":105,"menu_order":2,"comment_status":"closed","ping_status":"closed","template":"","meta":{"inline_featured_image":false,"footnotes":""},"class_list":["post-7746","page","type-page","status-publish","has-post-thumbnail","hentry"],"translation":{"provider":"WPGlobus","version":"3.0.2","language":"en","enabled_languages":["fr","en"],"languages":{"fr":{"title":true,"content":true,"excerpt":false},"en":{"title":false,"content":false,"excerpt":false}}},"_links":{"self":[{"href":"https:\/\/www.institut-foton.eu\/en\/wp-json\/wp\/v2\/pages\/7746","targetHints":{"allow":["GET"]}}],"collection":[{"href":"https:\/\/www.institut-foton.eu\/en\/wp-json\/wp\/v2\/pages"}],"about":[{"href":"https:\/\/www.institut-foton.eu\/en\/wp-json\/wp\/v2\/types\/page"}],"author":[{"embeddable":true,"href":"https:\/\/www.institut-foton.eu\/en\/wp-json\/wp\/v2\/users\/3"}],"replies":[{"embeddable":true,"href":"https:\/\/www.institut-foton.eu\/en\/wp-json\/wp\/v2\/comments?post=7746"}],"version-history":[{"count":21,"href":"https:\/\/www.institut-foton.eu\/en\/wp-json\/wp\/v2\/pages\/7746\/revisions"}],"predecessor-version":[{"id":9013,"href":"https:\/\/www.institut-foton.eu\/en\/wp-json\/wp\/v2\/pages\/7746\/revisions\/9013"}],"up":[{"embeddable":true,"href":"https:\/\/www.institut-foton.eu\/en\/wp-json\/wp\/v2\/pages\/105"}],"wp:featuredmedia":[{"embeddable":true,"href":"https:\/\/www.institut-foton.eu\/en\/wp-json\/wp\/v2\/media\/6952"}],"wp:attachment":[{"href":"https:\/\/www.institut-foton.eu\/en\/wp-json\/wp\/v2\/media?parent=7746"}],"curies":[{"name":"wp","href":"https:\/\/api.w.org\/{rel}","templated":true}]}}

Photonique hyperfréquence et THz − Communications optiques

<figure style="aspect-ratio:16/9;width:50%;" class="aligncenter wp-block-post-featured-image"><img loading="lazy" decoding="async" width="1016" height="458" src="https://www.institut-foton.eu/wp-content/uploads/2024/01/IMG_20240124_094128.jpg" class="attachment-post-thumbnail size-post-thumbnail wp-post-image" alt="" style="width:100%;height:100%;object-fit:cover;" srcset="https://www.institut-foton.eu/wp-content/uploads/2024/01/IMG_20240124_094128.jpg 1016w, https://www.institut-foton.eu/wp-content/uploads/2024/01/IMG_20240124_094128-300x135.jpg 300w, https://www.institut-foton.eu/wp-content/uploads/2024/01/IMG_20240124_094128-768x346.jpg 768w" sizes="auto, (max-width: 1016px) 100vw, 1016px" /></figure>


<div class="wp-block-columns is-layout-flex wp-container-core-columns-is-layout-28f84493 wp-block-columns-is-layout-flex">
<div class="wp-block-column is-layout-flow wp-block-column-is-layout-flow">
<h2 class="wp-block-heading">Sources opto-hyper</h2>



<div class="wp-block-query is-layout-flow wp-block-query-is-layout-flow"><ul class="keys wp-block-post-template is-layout-flow wp-block-post-template-is-layout-flow"><li class="wp-block-post post-8770 post type-post status-publish format-standard hentry category-activites tag-departement-ohm tag-sources-opto-hyper">
<h6 class="keys wp-block-post-title"><a href="https://www.institut-foton.eu/en/vcsel-et-vecsel-pour-la-convergence-electro-optique/" target="_self" >VCSEL et VECSEL pour la convergence électro-optique</a></h6>


</li><li class="wp-block-post post-7276 post type-post status-publish format-standard has-post-thumbnail hentry category-activites tag-axe1 tag-departement-dop tag-dynamique-lasers tag-axe2 tag-sources-opto-hyper">
<h6 class="keys wp-block-post-title"><a href="https://www.institut-foton.eu/en/sources-lasers-a-faible-bruit-dintensite/" target="_self" >Sources lasers à faible bruit d’intensité</a></h6>

<p>laser VECSEL de classe A, buffer reservoir</p>

</li><li class="wp-block-post post-7237 post type-post status-publish format-standard has-post-thumbnail hentry category-activites tag-axe1 tag-departement-dop tag-dynamique-lasers tag-axe2 tag-sources-opto-hyper">
<h6 class="keys wp-block-post-title"><a href="https://www.institut-foton.eu/en/dynamique-vectorielle-des-lasers/" target="_self" >Dynamique vectorielle des lasers</a></h6>

<p>lasers à spin, peignes de fréquences bi-polarisation, lasers bi-fréquences</p>

</li><li class="wp-block-post post-6962 post type-post status-publish format-standard has-post-thumbnail hentry category-activites tag-axe1 tag-departement-dop tag-dynamique-lasers tag-axe2 tag-sources-opto-hyper">
<h6 class="keys wp-block-post-title"><a href="https://www.institut-foton.eu/en/reinjection-optique-dans-les-lasers/" target="_self" >Réinjection optique dans les lasers</a></h6>

<p>battements RF sur porteuse optique, dynamique des lasers bi-fréquences</p>

</li></ul></div>
</div>



<div class="wp-block-column is-layout-flow wp-block-column-is-layout-flow">
<h2 class="wp-block-heading">Génération, mise en forme et traitement du signal</h2>



<div class="wp-block-query is-layout-flow wp-block-query-is-layout-flow"><ul class="keys wp-block-post-template is-layout-flow wp-block-post-template-is-layout-flow"><li class="wp-block-post post-8773 post type-post status-publish format-standard hentry category-activites tag-generation-mise-en-forme-et-traitement-du-signal tag-departement-ohm">
<h6 class="keys wp-block-post-title"><a href="https://www.institut-foton.eu/en/composants-iii-v-si-pour-la-photonique-non-lineaire/" target="_self" >Composants III-V/Si pour la photonique non-linéaire</a></h6>

<p>conversion de fréquence, peignes de fréquence</p>

</li><li class="wp-block-post post-8091 post type-post status-publish format-standard has-post-thumbnail hentry category-activites tag-generation-mise-en-forme-et-traitement-du-signal tag-opto-hyper-terahertz tag-axe2">
<h6 class="keys wp-block-post-title"><a href="https://www.institut-foton.eu/en/circuits-photoniques-integres/" target="_self" >Circuits photoniques intégrés</a></h6>

<p>lasers bi-fréquences, micropeignes, boucles à décalage</p>

</li><li class="wp-block-post post-4769 post type-post status-publish format-standard has-post-thumbnail hentry category-activites tag-generation-mise-en-forme-et-traitement-du-signal tag-departement-dop tag-opto-hyper-terahertz tag-axe2">
<h6 class="keys wp-block-post-title"><a href="https://www.institut-foton.eu/en/synthese-de-frequences-rf-et-thz/" target="_self" >Synthesis of RF and THz signals</a></h6>

<p>battements de lasers bi-fréquences, synthétiseur THz</p>

</li><li class="wp-block-post post-4494 post type-post status-publish format-standard has-post-thumbnail hentry category-activites tag-generation-mise-en-forme-et-traitement-du-signal tag-departement-dop tag-opto-hyper-terahertz tag-axe2">
<h6 class="keys wp-block-post-title"><a href="https://www.institut-foton.eu/en/boucles-decalage-frequence/" target="_self" >Frequency shifting loops</a></h6>

<p>boucles acousto-optiques, électro-optiques, analyse spectrale et corrélation de signaux RF</p>

</li></ul></div>
</div>



<div class="wp-block-column is-layout-flow wp-block-column-is-layout-flow">
<h2 class="wp-block-heading">Communications</h2>



<div class="wp-block-query is-layout-flow wp-block-query-is-layout-flow"><ul class="keys wp-block-post-template is-layout-flow wp-block-post-template-is-layout-flow"><li class="wp-block-post post-9210 post type-post status-publish format-standard has-post-thumbnail hentry category-activites tag-communications tag-departement-sp tag-axe2 tag-lasers-applications-communications-optiques">
<h6 class="keys wp-block-post-title"><a href="https://www.institut-foton.eu/en/communications-optiques/" target="_self" >Communications Optiques</a></h6>


</li><li class="wp-block-post post-9150 post type-post status-publish format-standard has-post-thumbnail hentry category-activites tag-capteurs-et-applications tag-communications tag-departement-sp tag-optique-guidee-capteurs">
<h6 class="keys wp-block-post-title"><a href="https://www.institut-foton.eu/en/solution-de-couplage-et-de-connectique/" target="_self" >Couplage et connectique en optique guidée</a></h6>

<p>couplage optique, faisceaux gaussiens, connectique, microlentilles, analyse de mode</p>

</li><li class="wp-block-post post-8782 post type-post status-publish format-standard hentry category-activites tag-communications tag-departement-ohm">
<h6 class="keys wp-block-post-title"><a href="https://www.institut-foton.eu/en/nanostructures-et-heterostructures-iii-v-si/" target="_self" >Nanostructures et Hétérostructures III-V/Si</a></h6>


</li><li class="wp-block-post post-8780 post type-post status-publish format-standard hentry category-activites tag-communications tag-departement-ohm">
<h6 class="keys wp-block-post-title"><a href="https://www.institut-foton.eu/en/nanostructures-et-heterostructures-de-la-filiere-inp/" target="_self" >Nanostructures et Hétérostructures de la filière InP</a></h6>


</li><li class="wp-block-post post-8778 post type-post status-publish format-standard hentry category-activites tag-communications tag-departement-ohm">
<h6 class="keys wp-block-post-title"><a href="https://www.institut-foton.eu/en/passivation-et-traitement-optique-de-dispositifs-photoniques/" target="_self" >Passivation et traitement optique de dispositifs photoniques</a></h6>


</li><li class="wp-block-post post-8775 post type-post status-publish format-standard hentry category-activites tag-communications tag-departement-ohm">
<h6 class="keys wp-block-post-title"><a href="https://www.institut-foton.eu/en/emetteurs-quantiques-a-base-de-perovskites/" target="_self" >Émetteurs quantiques à base de Pérovskites</a></h6>


</li></ul></div>
</div>
</div>

<p>Sources opto-hyper Génération, mise en forme et traitement du signal Communications</p>
